360*r**2 + 1971*r + 3783. Determine y(84).
3
Let q(b) = -b**2 + 1834*b + 1105116. Determine q(-478).
-20
Let z(o) = -o**3 - 29*o**2 + 296*o + 9514. Give z(-20).
-6
Let f(o) = 2*o**3 - 284*o**2 - 1779*o + 436. Calculate f(148).
-8
Let f(i) = -15576*i + 591939. Calculate f(38).
51
Let y(k) = 126*k**2 - 12*k - 123. Determine y(1).
-9
Let a(x) = 30081*x - 9505584. Calculate a(316).
12
Let o(y) = -7*y**3 + 81*y**2 - 46*y - 26. Calculate o(11).
-48
Let n(y) = y**3 - 189*y**2 + 578*y - 3729. Calculate n(186).
-9
Let o(h) = 4*h**2 - 1844*h + 31746. Determine o(18).
-150
Let m(h) = -6975*h - 20986. Determine m(-3).
-61
Let t(n) = -n**2 - 68*n - 339. Determine t(-26).
753
Let g(t) = -186*t**2 - 30142*t - 1611. Give g(-162).
9
Let y(d) = 23*d**2 + 506*d + 2799. Determine y(-11).
16
Let w(x) = -14156*x + 1189101. Calculate w(84).
-3
Let r(j) = -72*j - 1703. What is r(-11)?
-911
Let o(b) = 8*b**3 + 816*b**2 - 30*b - 3051. What is o(-102)?
9
Let v(f) = -11041*f + 11226. Determine v(1).
185
Let s(f) = 2*f**3 - 1169*f**2 + 4552*f + 359. Calculate s(4).
-9
Let o(n) = 10*n**2 - 1022*n + 7674. Determine o(94).
-34
Let a(o) = -122*o**2 + 2030*o - 1232. Determine a(16).
16
Let b(k) = 8*k**2 + 4494*k - 73967. Calculate b(16).
-15
Let l(r) = 22*r**3 - 314*r**2 - 32*r + 1641. Determine l(14).
17
Let r(v) = v**3 - 1094*v**2 + 4589*v - 909. Give r(4).
7
Let c(f) = 9*f**2 - 5285*f - 36233. Give c(594).
1
Let b(x) = -2*x**2 + 139*x + 5318. Give b(97).
-17
Let j(l) = -6*l**2 - 4898*l - 24361. Calculate j(-5).
-21
Let y(r) = -4*r**3 - 71*r**2 + 354*r - 424. What is y(-22)?
16
Let f(n) = 408*n - 2832. Give f(8).
432
Let h(y) = 3*y**2 - 573*y - 1288. What is h(193)?
-130
Let z(i) = -807*i**2 - 99261*i - 8. Give z(-123).
-8
Let t(d) = 14378*d + 2372401. Calculate t(-165).
31
Let q(z) = 13575*z - 244354. Determine q(18).
-4
Let v(n) = -2*n**2 + 467*n - 14706. What is v(196)?
-6
Let d(i) = i**3 - 52*i**2 + 4632*i - 213119. Determine d(48).
1
Let a(j) = 353091*j + 3177826. Determine a(-9).
7
Let f(y) = -4984*y + 348. Calculate f(0).
348
Let z(q) = q**3 + 63*q**2 + 521*q - 468. Determine z(-53).
9
Let p(m) = 44640*m + 17409599. Calculate p(-390).
-1
Let i(b) = -2*b**2 + 56*b + 248. Give i(-8).
-328
Let g(s) = -9*s**2 - 14323*s - 358609. Give g(-1566).
5
Let x(l) = 56*l**2 - 384*l + 9. Give x(8).
521
Let o(l) = -132*l - 2997. What is o(-39)?
2151
Let z(n) = 2*n**2 - 103*n + 250. Determine z(49).
5
Let j(g) = 199*g + 766. Give j(0).
766
Let v(d) = 3*d**2 + 2*d - 4. Give v(-24).
1676
Let z(t) = 1872*t + 76825. Give z(-44).
-5543
Let c(w) = -w**3 - 1331*w**2 - 75087*w - 49592. Give c(-1272).
16
Let f(t) = -18*t**3 + 7307*t**2 + 398*t + 3257. What is f(406)?
9
Let z(w) = 529474*w - 3176850. Determine z(6).
-6
Let u(r) = -1023*r + 168471. Give u(166).
-1347
Let y(b) = -520530*b + 3643718. What is y(7)?
8
Let u(s) = -7*s**2 + 75*s + 10719. What is u(-34)?
77
Let m(h) = 52*h + 412. Calculate m(-7).
48
Let l(o) = 59*o - 4287. Give l(82).
551
Let w(o) = 9*o**2 + 39*o + 158. Give w(-9).
536
Let x(o) = 2*o**3 + 78*o**2 + 313*o + 1153. Calculate x(-35).
-2
Let y(k) = -k**3 + 41*k**2 + 1650*k + 17. Determine y(66).
17
Let y(q) = -228*q + 4158. What is y(20)?
-402
Let n(b) = -b**2 + 4055*b - 44471. Calculate n(11).
13
Let k(v) = -3682*v - 960995. Determine k(-261).
7
Let k(h) = 11582*h**2 + 115820*h + 20. Give k(-10).
20
Let v(h) = 188*h + 30477. Calculate v(-162).
21
Let b(r) = -2*r**3 + 216*r**2 - 435*r + 1162. Give b(106).
-4
Let i(h) = 209*h**2 - 793*h - 23. Give i(4).
149
Let f(n) = -592*n**2 - 280*n - 298. Calculate f(-3).
-4786
Let i(u) = 318*u**2 - 11756*u - 311. Calculate i(37).
59
Let c(f) = -f**2 + 51*f + 1095. Give c(-22).
-511
Let y(k) = 19263*k + 1810656. Calculate y(-94).
-66
Let x(l) = -l**3 + 105*l**2 - 1795*l - 713. Determine x(22).
-31
Let s(t) = 5274*t - 7. Give s(0).
-7
Let s(l) = 109834*l + 7688347. Determine s(-70).
-33
Let r(w) = -w**3 + 1363*w**2 - 10771*w - 9. Determine r(8).
543
Let r(g) = 9745*g + 2787075. Give r(-286).
5
Let m(a) = -49715*a + 1690317. Calculate m(34).
7
Let u(t) = 15*t**2 - 2856*t - 195. Calculate u(190).
-1335
Let p(x) = -8*x**2 + 1972*x - 4508. What is p(244)?
372
Let q(y) = -y**3 + 174*y**2 - 398*y + 8973. What is q(172)?
-315
Let k(p) = 127*p**2 - 2395*p - 349. Give k(19).
-7
Let a(i) = i**2 - 313*i - 5282. Determine a(-16).
-18
Let h(r) = 826*r - 243752. Give h(295).
-82
Let y(o) = 7*o**3 - 10*o**2 + 21*o - 11. What is y(1)?
7
Let j(z) = z**2 - 5620*z - 294952. What is j(-52)?
-8
Let p(b) = 1601*b - 241721. Give p(151).
30
Let o(v) = -2847*v - 871143. Give o(-306).
39
Let c(w) = 7*w**3 - 11*w**2 + 11*w - 6. Give c(5).
649
Let f(o) = o**3 - 185*o**2 + 332*o + 6025. Give f(183).
-197
Let o(c) = 260*c + 11487. Calculate o(-42).
567
Let q(m) = -m**3 + 12*m**2 + 3*m - 58. What is q(8)?
222
Let h(o) = -o**2 - 12149*o - 423947. What is h(-35)?
43
Let s(p) = 575*p + 200675. Calculate s(-349).
0
Let g(z) = 3560*z + 110359. Give g(-31).
-1
Let f(k) = k**3 + 170*k**2 + 326*k - 1569. Give f(-168).
111
Let x(b) = 567278*b - 1701840. Calculate x(3).
-6
Let v(b) = 48398*b + 1451940. Calculate v(-30).
0
Let u(x) = -132*x - 58477. Calculate u(-443).
-1
Let f(n) = 110*n**2 + 5275*n - 268. What is f(-48)?
-28
Let d(u) = -19145*u + 76531. Determine d(4).
-49
Let d(q) = 1501*q + 19840. What is d(-14)?
-1174
Let u(i) = -305*i - 70844. Determine u(-234).
526
Let p(l) = -21*l**3 - 1000*l**2 + 1002*l - 3. Determine p(1).
-22
Let o(n) = -30346*n - 1274568. What is o(-42)?
-36
Let z(r) = r**3 + 250*r**2 + 247*r - 500. What is z(-2)?
-2
Let g(z) = 10*z**2 + 700*z - 51. Calculate g(0).
-51
Let s(v) = -465*v**2 - 1278*v - 69. Calculate s(-3).
-420
Let d(o) = 2*o**3 - 46*o**2 - 543*o + 12475. What is d(23)?
-14
Let o(v) = -1533*v - 786319. What is o(-513)?
110
Let m(p) = p**2 - 624759*p + 5622754. Calculate m(9).
4
Let l(a) = 2099*a + 174203. Calculate l(-83).
-14
Let x(s) = s**2 - 13941*s + 11041621. Give x(843).
7
Let p(y) = -116*y + 2415. Determine p(29).
-949
Let d(y) = y**2 + 17985*y + 538654. Give d(-30).
4
Let t(s) = 5*s**3 + 60*s**2 + 40*s + 651. Determine t(-12).
171
Let o(c) = -10059*c + 41494. Calculate o(4).
1258
Let h(d) = 101956*d + 4893888. Calculate h(-48).
0
Let h(o) = 23*o**3 - 4*o**2 - 15816*o + 15815. What is h(1)?
18
Let v(z) = z**2 + 154*z - 5816. Calculate v(31).
-81
Let a(t) = t**3 + 228*t**2 + 9718*t - 4943. Calculate a(-171).
16
Let m(b) = -288204*b + 1440997. Give m(5).
-23
Let i(z) = -74*z**2 - 351*z + 60. Determine i(-5).
-35
Let l(x) = -x**3 - 114*x**2 - 1326*x - 1570. Give l(-101).
-257
Let x(s) = s**2 - 56747*s + 7416690. Give x(131).
-6
Let y(r) = 178*r**2 + 8550*r + 293. Calculate y(-48).
5
Let r(g) = -g**3 - 49*g**2 + 241*g - 1405. What is r(-54)?
161
Let u(v) = 5464*v + 5972154. Give u(-1093).
2
Let d(i) = -i**3 - 982*i**2 + 13943*i - 34. Calculate d(14).
-48
Let z(u) = -2*u**2 + 998*u - 14. What is z(0)?
-14
Let q(k) = 9*k**3 - 199*k**2 + 5*k + 360. Determine q(22).
-14
Let j(z) = -21993*z - 109957. Determine j(-5).
8
Let r(c) = -4448*c + 1120401. Give r(252).
-495
Let o(n) = 710*n - 100171. Calculate o(141).
-61
Let i(q) = 199*q**3 + 19*q**2 - 82*q + 113. What is i(3)?
5411
Let d(s) = -3278*s**2 - 3243*s - 1. Give d(-1).
-36
Let i(r) = -1722*r + 1938958. Determine i(1126).
-14
Let b(u) = 24*u**2 - 3541*u - 70. Give b(148).
1558
Let w(m) = -20*m**2 + 38451*m + 38451. Calculate w(-1).
-20
Let a(m) = 7*m**2 + 579*m - 1172. Give a(2).
14
Let i(o) = 87*o**3 + 30*o**2 - 8*o - 3. Give i(1).
106
Let t(f) = -2*f**2 + 12930*f + 25865. Determine t(-2).
-3
Let h(n) = -11*n**2 - 88*n - 163. Calculate h(-8).
-163
Let s(c) = c**3 + 4*c**2 - 772*c + 34. Determine s(26).
242
Let f(g) = 261*g + 4026. Determine f(-16).
-150
Let t(q) = -7*q**3 - 39*q**2 + 267*q - 75. Give t(6).
-1389
Let h(f) = -53*f**3 + 372*f**2 - 11*f - 115. Determine h(7).
-143
Let b(y) = -62*y**2 - 12314*y - 12304. Give b(-1).
-52
Let v(a) = a**3 - 6*a**2 - 217*a + 1232. Give v(6).
-70
Let v(s) = -1633*s**3 - 26*s**2 + s - 2. Give v(1).
-1660
Let l(z) = -z**2 + 75*z + 900. Give l(82).
326
Let j(m) = -m**3 - 7*m**2 - 20*m - 28. Give j(-4).
4
Let c(n) = n**2 + 3*n - 376. Calculate c(-20).
-36
Let v(g) = g**3 + 75*g**2 + 1132*g - 10. Give v(-24).
2198
Let a(r) = -r**2 - 367768*r - 62